3 is divided by o?
31
Let l(u) = 2311*u**2 - 136*u - 3. What is the remainder when l(-2) is divided by 78?
75
Let d be (-52)/104*(8 - 0). Calculate the remainder when 7/14 - ((-1182)/d)/(-3) is divided by 17.
14
Suppose -z + 0*z + 9 = m, 5*m + 2*z - 36 = 0. Calculate the remainder when 189 is divided by m/(-4) + (-35)/(-2).
13
Let k be (190/15)/(2/3). Let f = 12 + k. Calculate the remainder when f is divided by (-1)/(-3*1/39).
5
Suppose 166*v - 149 = 123*v + 152. Let t = -30 - -76. Suppose a - t + 9 = 0. What is the remainder when a is divided by v?
2
Suppose -2*k + 145 - 19 = 0. Let x(y) = -y**2 - 18*y - 26. Let m be x(-16). Let l(u) = u**3 - 5*u**2 - 3*u + 4. What is the remainder when k is divided by l(m)?
19
What is the remainder when 501 is divided by 11 + -11 + (15 - -8)?
18
What is the remainder when 1832 is divided by (-11)/(2/(-12 + 6))?
17
Let f(a) = a + 3. Let l be f(-3). Suppose l = -2*m + 9 + 23. Let g = 2419 - 2374. Calculate the remainder when g is divided by m.
13
Suppose -2*a - 6 = -2*g - 0, -5*a - 9 = -3*g. Suppose 2*b + a*b - 26 = 0. What is the remainder when (-630)/(-14) + (-15)/(25/(-5)) is divided by b?
9
Suppose 61*g - 5*g - 12544 = 0. Calculate the remainder when 3132 is divided by g.
220
Suppose -f + 230 + 612 = -2*s, 6*f = -s + 5000. What is the remainder when f is divided by 70?
64
Let l be 33*((-6)/9)/(-1). Suppose 10 + l = p. Calculate the remainder when p is divided by 21/1 + 751 + -761.
10
Let d(b) be the third derivative of -b**3 + 28*b**2 + 0 - 7/12*b**4 + 0*b. Calculate the remainder when d(-15) is divided by 52.
48
Suppose -11*n = -15*n + 480. Let t be (-1)/2*n/(-12). Calculate the remainder when 29 is divided by t/15 + (-42)/(-9).
4
Let o(w) = w**2 + 23*w - 226. Let s be o(-31). Suppose -s*n + 182 = -9*n. Calculate the remainder when 72 is divided by n.
2
Let q be 42/(7*18/63). Suppose 0 = -5*y - 10, s + 4*y = 60 - q. What is the remainder when s is divided by 17?
13
Suppose n = 338*k - 335*k + 10, -5*n - k = -66. Calculate the remainder when 348 is divided by n.
10
Suppose -q - 14*z + 9*z = -627, 0 = 4*q - 3*z - 2623. What is the remainder when 1316 is divided by q?
12
Suppose -5*t + 5 = 5*u, -5*u - 1 = -2*t + 4*t. Let g be 3 + (u - (-128)/(-4)). Calculate the remainder when 115 is divided by -2*((1 - g/(-4)) + 0).
11
Suppose 4*f = -3*k + 229, -3*f + 154 + 74 = 3*k. Calculate the remainder when k is divided by ((-48)/4 - -9) + 17.
5
Suppose 0 = 38*i + 5*i + 91*i - 8576. Calculate the remainder when 82 is divided by i.
18
Suppose -4*y + 340 = -4*s, y - 49 = -17*s + 12*s. What is the remainder when 490 is divided by y?
16
Suppose 0 = -i - 3*i + 12. Suppose 4*c - 46 = -2*v, 4*c - 65 = -i*v - c. Let z = -703758 - -703765. What is the remainder when v is divided by z?
1
What is the remainder when 262 is divided by (19780/(-2150))/(29/15 + -2)?
124
Suppose 1406 = -10*k + 48*k. Calculate the remainder when 1773 is divided by k.
34
Suppose 6275 = 34*b + 296*b - 2305. What is the remainder when 2078 is divided by b?
24
Calculate the remainder when (1 - (-294)/(-48))*-16 is divided by 73.
9
Suppose 5*p - 5 = 4*a - 9*a, -5*a - 49 = -4*p. Calculate the remainder when 253 is divided by 4 + (-18 - 0)/(p/(-4)).
13
Let i be (-2344)/20*(-15)/6. Let b = i + -252. What is the remainder when 286 is divided by b?
40
Let i(g) = g**3 - 160*g**2 - 18*g + 2884. Let f = -73 - -155. Calculate the remainder when f is divided by i(160).
2
Suppose 0 = -5*k - 10 + 30. Suppose k*h - 9 = -5*h. Suppose -15*a + 1 = -14*a. What is the remainder when h is divided by a?
0
Suppose -3*t + 70 = 13. What is the remainder when 39 is divided by t?
1
Let g(f) = -f**3 + 25*f**2 + 83*f + 33. What is the remainder when 406 is divided by g(28)?
1
Let s = 50 - 48. Let n be (5 - -2) + ((-8)/s)/(-4). Let z = n + 1. Calculate the remainder when 14 is divided by z.
5
Suppose -2*s - 66 = -4*s. Suppose -127*r + 131*r = -3*p + 306, 200 = 2*p + 2*r. What is the remainder when p is divided by s?
28
Let g(q) = 185*q + 5. Let o be g(-1). Let u be (1/(6/o))/(-1 + 0). Suppose 0*d = -6*d + u. Calculate the remainder when d is divided by 2.
1
Suppose 193 = 5*k + 2*a, 5*k = -3*a + 194 + 3. What is the remainder when 11726 is divided by k?
34
Calculate the remainder when 417 is divided by (2/(-10) + 134/134)*105.
81
Let p = 7722 + -7198. Calculate the remainder when p is divided by 55.
29
Suppose -4*f = -3*v - 76, 2*f + v - 48 = -0*v. Suppose -950 = z - 6*z. Suppose 0 = 9*h + 64 - z. Calculate the remainder when f is divided by h.
8
Suppose 170 = 5*j + 5*p, 7*p - 2*p + 46 = j. Calculate the remainder when (8778/99)/((-2)/(-3)) is divided by j.
25
Let o be 6/21 - 8/28. Let n be (3/3)/((3 - o)/15). Suppose -10 = -3*v + 5, 0 = -n*s - 2*v + 65. Calculate the remainder when 32 is divided by s.
10
Let v(r) = r**3 + 152*r**2 + 5745*r - 421. Let k = 536 - 341. Calculate the remainder when k is divided by v(-81).
0
Suppose 2434 = 5*o - 0*g + 3*g, -5*o = -5*g - 2410. Calculate the remainder when o is divided by 14.
9
Let z(k) = 5*k**2 + 3*k - 3. Calculate the remainder when z(2) is divided by (8/28)/(-26*20/(-10920)).
5
Suppose -4*s + 7 = -9. Suppose 5*k + 42 = -2*v + 152, 0 = 2*v - s*k - 128. What is the remainder when 58 is divided by 4/10 + 1776/v?
28
Let k(l) = 8*l**2 - 15*l - 6. Let y be k(8). Suppose -6*c - 98 = -y. Let u = c + 46. What is the remainder when u is divided by 32?
30
Suppose -4*b + 3*x + 1448 = 2*x, -2*x = -3*b + 1086. What is the remainder when b is divided by 61?
57
Let i = 169 - 133. Let n(k) = 17*k - 17. Let c be n(12). Suppose -2*u + c = -25. Calculate the remainder when u is divided by i.
34
Let x = 135 - 136. Let k(o) = 98*o**2 - 4*o - 3. What is the remainder when k(x) is divided by 34?
31
Suppose -2816 = -4*u - 5*f, -u - f = -6*f - 729. Suppose -u = -3*w - 0*g - g, 4*g = 4*w - 956. Calculate the remainder when w is divided by 15.
12
Let t be 2 + 2 + 0/(-4). Let u be (-4)/(9/((-522)/t)). Let g = u - 33. Calculate the remainder when 73 is divided by g.
23
Suppose a - 2*v - 15 = 0, 3*v + 75 = -13*a + 18*a. Calculate the remainder when (1 + (-507)/21)/(1/(-7)) is divided by a.
12
Suppose -679*l + 152 = -671*l. Suppose w = -4*w + 220. Let n = w - l. What is the remainder when 148 is divided by n?
23
Suppose -15 = -5*j + 110. Let p(w) = w**3 - 7*w**2 + 9*w + 7. Let g be p(5). Calculate the remainder when (g - -70) + (4 - 3) is divided by j.
23
Let k = 757 + -659. Calculate the remainder when k is divided by 41.
16
Let v = -16626 + 16676. What is the remainder when 98 - -3*2/(-6) is divided by v?
47
Let t(u) = -5*u**3 - 1. Let l be t(2). Let w = 45 + l. Suppose -s + 3*b = -17 - 14, 45 = s + w*b. Calculate the remainder when s is divided by 14.
9
Let x(v) = -v**2 + 16*v - 11. Let j be x(7). Calculate the remainder when 1 + 119 + (54 - j) is divided by 59.
4
Let f(u) = -u**3 + 34*u**2 - 62*u + 21. Calculate the remainder when 134 is divided by f(32).
49
Let l = -3850 + 3865. Let r(x) = -90*x - 3. Calculate the remainder when r(-2) is divided by l.
12
What is the remainder when 261 is divided by (2 - (-25)/(-20))*15/(120/2656)?
12
Let a(b) = 7*b + 135. Let o be a(-19). Suppose 13*f - 9*f = 5*x + 461, 227 = o*f + x. What is the remainder when f is divided by 31?
21
Suppose 0 = -5*l + 5*z + 310, -5*z = 81*l - 82*l + 70. Suppose 0 = 4*u + m - 78, -5*m = 1 - 11. Calculate the remainder when l is divided by u.
3
Suppose -49*r = -42*r - 259. What is the remainder when 524 is divided by r?
6
Let a = -37 - -52. Suppose 2*z + 8 = 0, -z = 2*i + 3*i + 64. What is the remainder when a is divided by (-33)/(-3) - (13 + i)?
5
Suppose -2*q = -5*x + 82 - 272, -x - 61 = -5*q. Let h = x - -52. Calculate the remainder when 55 is divided by h.
7
Let b = 67 - 32. What is the remainder when (-3 - (-68)/8)*5934/473 is divided by b?
34
Let x = -31 - -35. Suppose 0 = -v + x*t + 24 + 1, -2*t - 125 = -5*v. Suppose 0 = -3*a + 26 + v. What is the remainder when a is divided by 9?
8
Suppose i = -i + 10. Let c be (-30828)/(-49) + (-5)/35. Suppose 18*q - c = -19*q. Calculate the remainder when q is divided by i.
2
Suppose -p = -24 - 57. Let l = p + -16. Calculate the remainder when l is divided by 18.
11
Suppose 2*g = -4*v, -3*v - 4*g + 6 = 1. Suppose -7 = -m - 13. Calculate the remainder w